{"id":3054,"date":"2020-01-30T17:37:13","date_gmt":"2020-01-30T17:37:13","guid":{"rendered":"https:\/\/annaleao.com.br\/site\/?page_id=3054"},"modified":"2021-09-29T19:29:17","modified_gmt":"2021-09-29T19:29:17","slug":"por-um-pouco-mais-de-felicidade","status":"publish","type":"page","link":"https:\/\/annaleao.com.br\/site\/por-um-pouco-mais-de-felicidade\/","title":{"rendered":"Por Um Pouco Mais de Felicidade"},"content":{"rendered":"<p><img fetchpriority=\"high\" decoding=\"async\" class=\"wp-image-3055 aligncenter\" src=\"https:\/\/annaleao.com.br\/site\/wp-content\/uploads\/2020\/01\/IMG_0536.jpg\" alt=\"livro desenvolvimento pessoal\" width=\"350\" height=\"558\" srcset=\"https:\/\/annaleao.com.br\/site\/wp-content\/uploads\/2020\/01\/IMG_0536.jpg 1410w, https:\/\/annaleao.com.br\/site\/wp-content\/uploads\/2020\/01\/IMG_0536-188x300.jpg 188w, https:\/\/annaleao.com.br\/site\/wp-content\/uploads\/2020\/01\/IMG_0536-642x1024.jpg 642w, https:\/\/annaleao.com.br\/site\/wp-content\/uploads\/2020\/01\/IMG_0536-768x1226.jpg 768w, https:\/\/annaleao.com.br\/site\/wp-content\/uploads\/2020\/01\/IMG_0536-963x1536.jpg 963w, https:\/\/annaleao.com.br\/site\/wp-content\/uploads\/2020\/01\/IMG_0536-1283x2048.jpg 1283w, https:\/\/annaleao.com.br\/site\/wp-content\/uploads\/2020\/01\/IMG_0536-38x60.jpg 38w\" sizes=\"(max-width: 350px) 100vw, 350px\" \/><\/p>\n<h2 style=\"text-align: center;\">Cr\u00f4nicas, ensaios e poesias de Anna de Le\u00e3o<\/h2>\n<p>O livro <em>Por um pouco mais de felicidade<\/em> \u00e9 uma colet\u00e2nea de cr\u00f4nicas e ensaios da escritora <a href=\"https:\/\/annaleao.com.br\/site\/carreira-literaria\/\">Anna de Le\u00e3o<\/a>, Romancista e poetisa, Anna de Le\u00e3o nos presenteia, neste livro, com um texto reflexivo, contemplativo, e que evidencia sua forma de perceber e sentir o mundo.<\/p>\n<p>Proseando sobre amor, felicidade e tantos outros sentimentos que habitam o ser humano, a autora convida o leitor a viver de uma maneira motivadora e s\u00e1bia, ajudando-o a resgatar o melhor de si e da vida enquanto aprecia uma leitura leve e fluida.<\/p>\n<p>Al\u00e9m disso, a autora ainda nos d\u00e1 o gostinho de saborearmos um pouco de sua veia po\u00e9tica, ao &#8220;ilustrar&#8221; v\u00e1rios textos com algumas de suas poesias.<\/p>\n<p>&#8220;A minha proposta \u00e9 de levar uma \u201cnova\u201d vis\u00e3o de vida \u00e0s pessoas, ajudando-as a encontrarem a felicidade dentro de si, e a constru\u00edrem uma realidade de vida mais harm\u00f4nica e saud\u00e1vel. O que permitir\u00e1 a constru\u00e7\u00e3o de um novo mundo, com mais amor, liberdade, paz, respeito e sanidade. &#8221;<\/p>\n<p>&nbsp;<\/p>\n<h2 style=\"text-align: center;\">Venda Online \u2013 Por Um Pouco Mais de Felicidade:<\/h2>\n<table style=\"border-collapse: collapse; width: 100%;\" border=\"1\">\n<tbody>\n<tr>\n<td style=\"width: 45.8788%;\">\n<h5><strong>Livro f\u00edsico<\/strong><\/h5>\n<h5><strong>Clube de Autores <\/strong><\/h5>\n<p><a href=\"https:\/\/clubedeautores.com.br\/livro\/por-um-pouco-mais-de-felicidade\" target=\"_blank\" rel=\"noopener noreferrer\"><img decoding=\"async\" class=\"alignnone size-full wp-image-143\" src=\"https:\/\/annaleao.com.br\/site\/wp-content\/uploads\/2016\/12\/bot\u00e3o-e1486048140651.png\" alt=\"\" width=\"120\" height=\"30\" \/><\/a><\/p>\n<h5>Lojas Americanas<\/h5>\n<p><a href=\"https:\/\/www.americanas.com.br\/produto\/1753428079\/\" target=\"_blank\" rel=\"noopener noreferrer\"><img decoding=\"async\" class=\"alignnone size-full wp-image-143\" src=\"https:\/\/annaleao.com.br\/site\/wp-content\/uploads\/2016\/12\/bot\u00e3o-e1486048140651.png\" alt=\"\" width=\"120\" height=\"30\" \/><\/a><\/p>\n<h5><strong>Amazon<\/strong><\/h5>\n<p><a href=\"https:\/\/www.amazon.com.br\/Por-Um-Pouco-Mais-Felicidade\/dp\/6500013719\/ref=tmm_other_meta_binding_swatch_0?_encoding=UTF8&amp;qid=&amp;sr=\" target=\"_blank\" rel=\"noopener noreferrer\"><img decoding=\"async\" class=\"alignnone wp-image-330\" src=\"https:\/\/annaleao.com.br\/site\/wp-content\/uploads\/2017\/04\/amazon-150x150.png\" alt=\"\" width=\"80\" height=\"80\" srcset=\"https:\/\/annaleao.com.br\/site\/wp-content\/uploads\/2017\/04\/amazon-150x150.png 150w, https:\/\/annaleao.com.br\/site\/wp-content\/uploads\/2017\/04\/amazon.png 300w\" sizes=\"(max-width: 80px) 100vw, 80px\" \/><\/a><\/td>\n<td style=\"width: 54.1212%;\">\n<h5><strong>Leia o livro em formato digital na Buenovela<\/strong><\/h5>\n<p>Clique no logo abaixo:<\/p>\n<p><a href=\"https:\/\/www.buenovela.com\/book_info\/31000051371\/Realista\/Por-um-pouco-mais-de-Felicidade\"><img loading=\"lazy\" decoding=\"async\" class=\"alignnone wp-image-3452\" src=\"https:\/\/annaleao.com.br\/site\/wp-content\/uploads\/2021\/09\/unnamed.png\" alt=\"\" width=\"83\" height=\"83\" srcset=\"https:\/\/annaleao.com.br\/site\/wp-content\/uploads\/2021\/09\/unnamed.png 512w, https:\/\/annaleao.com.br\/site\/wp-content\/uploads\/2021\/09\/unnamed-300x300.png 300w, https:\/\/annaleao.com.br\/site\/wp-content\/uploads\/2021\/09\/unnamed-150x150.png 150w, https:\/\/annaleao.com.br\/site\/wp-content\/uploads\/2021\/09\/unnamed-60x60.png 60w\" sizes=\"(max-width: 83px) 100vw, 83px\" \/><\/a><\/p>\n<p>&nbsp;<\/p>\n<p>&nbsp;<\/p>\n<p>&nbsp;<\/td>\n<\/tr>\n<\/tbody>\n<\/table>\n<h3 style=\"text-align: center;\">\u00a0O que falam por a\u00ed&#8230;<\/h3>\n<p>&nbsp;<\/p>\n<h4>\u00c9 lindo!<\/h4>\n<div id=\"R1H13N6KN5OTG6\" class=\"a-section review aok-relative\" data-hook=\"review\">\n<div id=\"R1H13N6KN5OTG6-review-card\" class=\"a-row a-spacing-none\">\n<div id=\"customer_review-R1H13N6KN5OTG6\" class=\"a-section celwidget\" data-csa-c-id=\"335kcy-kna0wy-wl7hbe-ful24r\" data-cel-widget=\"customer_review-R1H13N6KN5OTG6\">\n<div class=\"a-row a-spacing-small review-data\">\n<div class=\"a-expander-collapsed-height a-row a-expander-container a-expander-partial-collapse-container\" aria-live=\"polite\" data-a-expander-name=\"review_text_read_more\" data-a-expander-collapsed-height=\"300\">\n<div class=\"a-expander-content reviewText review-text-content a-expander-partial-collapse-content\" data-hook=\"review-collapsed\" aria-expanded=\"false\">Por um pouco mais de Felicidade da autora Anna de Le\u00e3o nos transporta para seus mais \u00edntimos pensamentos.<br \/>\nCom textos e poemas, a autora nos leva a adentrar tamb\u00e9m em n\u00f3s mesmos, buscando questionar e refletir nossas atitudes.<\/div>\n<div class=\"a-expander-content reviewText review-text-content a-expander-partial-collapse-content\" data-hook=\"review-collapsed\" aria-expanded=\"false\">Onde se encontra a verdadeira felicidade ? Precisamos fechar ciclos em nossas vidas?<br \/>\nExistem em n\u00f3s, padr\u00f5es para serem quebrados ?<br \/>\nDevemos n\u00f3s valorizar cada conquista dos nossos dias&#8230;Uma leitura que mescla assuntos, recomendo para ser lida com calma, um pouco a cada dia para o bom entendimento de cada texto. Grata pela oportunidade de ler mais esse livro da Anna de Le\u00e3o.<\/div>\n<div data-hook=\"review-collapsed\" aria-expanded=\"false\"><\/div>\n<div data-hook=\"review-collapsed\" aria-expanded=\"false\">Juliane Santos<\/div>\n<\/div>\n<\/div>\n<div data-hook=\"review-collapsed\" aria-expanded=\"false\"><\/div>\n<h4 data-hook=\"review-collapsed\" aria-expanded=\"false\"><\/h4>\n<h4 data-hook=\"review-collapsed\" aria-expanded=\"false\">Pensamentos Reflexivos<\/h4>\n<\/div>\n<\/div>\n<\/div>\n<div id=\"R1IYG6NK12KE4Y\" class=\"a-section review aok-relative\" data-hook=\"review\">\n<div id=\"R1IYG6NK12KE4Y-review-card\" class=\"a-row a-spacing-none\">\n<p>Neste livro possui v\u00e1rios artigos que a escritora escreveu durante anos e reuniu todos neste volume.Com assuntos referentes a autoconhecimento, fortalecimento pessoal, feminismo e relacionamentos.Um livro que traz muitas reflex\u00f5es no nosso dia a dia;<\/p>\n<div id=\"customer_review-R1IYG6NK12KE4Y\" class=\"a-section celwidget\" data-csa-c-id=\"gstvhf-wf81p5-q3l0ph-8h0psp\" data-cel-widget=\"customer_review-R1IYG6NK12KE4Y\">\n<div class=\"a-expander-content reviewText review-text-content a-expander-partial-collapse-content\" data-hook=\"review-collapsed\" aria-expanded=\"false\">\n<h5>A leitura flui normalmente nos fazendo se identificar com cada assunto abordado nos cap\u00edtulos;<br \/>\nVibra\u00e7\u00f5es positivas;<br \/>\nPensamentos que s\u00e3o expostos pela autora com uma narrativa da primeira pessoa.<\/h5>\n<\/div>\n<div class=\"a-row review-comments cr-vote-action-bar\" data-hook=\"review-comments\">\n<p>Ana Carol\u00a0 (@acarolnasnuvens)<\/p>\n<p>&nbsp;<\/p>\n<\/div>\n<\/div>\n<\/div>\n<\/div>\n<div id=\"R3B2EJXHT73S6L\" class=\"a-section review aok-relative\" data-hook=\"review\">\n<div id=\"R3B2EJXHT73S6L-review-card\" class=\"a-row a-spacing-none\">\n<div id=\"customer_review-R3B2EJXHT73S6L\" class=\"a-section celwidget\" data-csa-c-id=\"uvfiuk-1hin3n-100lw3-2mk1sx\" data-cel-widget=\"customer_review-R3B2EJXHT73S6L\">\n<h4 class=\"a-row a-spacing-mini review-data review-format-strip\">Um livro com uma linda mensagem!<\/h4>\n<div class=\"a-row a-spacing-small review-data\">\n<div class=\"a-expander-collapsed-height a-row a-expander-container a-expander-partial-collapse-container\" aria-live=\"polite\" data-a-expander-name=\"review_text_read_more\" data-a-expander-collapsed-height=\"300\">\n<div class=\"a-expander-content reviewText review-text-content a-expander-partial-collapse-content\" data-hook=\"review-collapsed\" aria-expanded=\"false\">Com uma leitura super leve e fluida, esse livro traz v\u00e1rios ensinamentos necess\u00e1rios para voc\u00ea que quer viver melhor e mais feliz. Vai fazer voc\u00ea repensar pequenas atitudes que por mais que pare\u00e7am inofensivas, podem estar te fazendo mal e refor\u00e7a e import\u00e2ncia do autoconhecimento. \u00d3timo livro!<\/div>\n<div data-hook=\"review-collapsed\" aria-expanded=\"false\"><\/div>\n<\/div>\n<\/div>\n<div class=\"a-row review-comments cr-vote-action-bar\" data-hook=\"review-comments\">Mayara<\/div>\n<\/div>\n<\/div>\n<\/div>\n<div id=\"R30LJP1UQ7KO78\" class=\"a-section review aok-relative\" data-hook=\"review\">\n<div id=\"R30LJP1UQ7KO78-review-card\" class=\"a-row a-spacing-none\">\n<div class=\"a-row a-spacing-mini\" data-hook=\"genome-widget\">\n<div><\/div>\n<h4 class=\"a-profile-content\">Reflex\u00e3o e autoconhecimento<\/h4>\n<\/div>\n<p id=\"customer_review-R30LJP1UQ7KO78\" class=\"a-section celwidget\" data-csa-c-id=\"bx1vz9-too0mj-b946vm-qgi7uj\" data-cel-widget=\"customer_review-R30LJP1UQ7KO78\">O livro busca nos mostra caminhos para abirir nossos olhos e promovam nosso auto-crescimento. Todos os cap\u00edtulos do texto s\u00e3o dedicados a nosso crescimento e desenvolvimento pessoal, pois a evolu\u00e7\u00e3o e a compreens\u00e3o sobre n\u00f3s mesmos fazem parte da constru\u00e7\u00e3o do indiv\u00edduo.<\/p>\n<p class=\"a-section celwidget\" data-csa-c-id=\"bx1vz9-too0mj-b946vm-qgi7uj\" data-cel-widget=\"customer_review-R30LJP1UQ7KO78\"><span style=\"font-size: 16px;\">Daniela Alves<\/span><\/p>\n<p>&nbsp;<\/p>\n<div class=\"a-row a-spacing-small review-data\">\n<div class=\"a-expander-collapsed-height a-row a-expander-container a-expander-partial-collapse-container\" aria-live=\"polite\" data-a-expander-name=\"review_text_read_more\" data-a-expander-collapsed-height=\"300\">\n<h4 data-hook=\"review-collapsed\" aria-expanded=\"false\">Reflex\u00e3o<\/h4>\n<\/div>\n<\/div>\n<\/div>\n<\/div>\n<div id=\"R385ORQMQPDQNM\" class=\"a-section review aok-relative\" data-hook=\"review\">\n<div id=\"R385ORQMQPDQNM-review-card\" class=\"a-row a-spacing-none\">\n<div id=\"customer_review-R385ORQMQPDQNM\" class=\"a-section celwidget\" data-csa-c-id=\"z00efj-oa6ydc-gj4dst-pe12mq\" data-cel-widget=\"customer_review-R385ORQMQPDQNM\">\n<div class=\"a-row a-spacing-small review-data\">\n<div class=\"a-expander-collapsed-height a-row a-expander-container a-expander-partial-collapse-container\" aria-live=\"polite\" data-a-expander-name=\"review_text_read_more\" data-a-expander-collapsed-height=\"300\">\n<div class=\"a-expander-content reviewText review-text-content a-expander-partial-collapse-content\" data-hook=\"review-collapsed\" aria-expanded=\"false\">Eu adorei ler esse livro me trouxe muitas reflex\u00f5es.<\/div>\n<div data-hook=\"review-collapsed\" aria-expanded=\"false\"><\/div>\n<div data-hook=\"review-collapsed\" aria-expanded=\"false\"><span class=\"a-profile-name\">Cristiane Lopes @saiadessabolha<\/span><\/div>\n<\/div>\n<\/div>\n<\/div>\n<\/div>\n<\/div>\n","protected":false},"excerpt":{"rendered":"<p>Cr\u00f4nicas, ensaios e poesias de Anna de Le\u00e3o O livro Por um pouco mais de felicidade \u00e9 uma colet\u00e2nea de cr\u00f4nicas e ensaios da escritora Anna de Le\u00e3o, Romancista e poetisa, Anna de Le\u00e3o nos presenteia, neste livro, com um texto reflexivo, contemplativo, e que evidencia sua forma de perceber e sentir o mundo. Proseando sobre amor, felicidade e tantos &hellip; <\/p>\n","protected":false},"author":2,"featured_media":3055,"parent":0,"menu_order":0,"comment_status":"closed","ping_status":"closed","template":"","meta":{"jetpack_post_was_ever_published":false,"footnotes":""},"class_list":["post-3054","page","type-page","status-publish","has-post-thumbnail","hentry"],"yoast_head":"<!-- This site is optimized with the Yoast SEO plugin v25.2 - https:\/\/yoast.com\/wordpress\/plugins\/seo\/ -->\n<title>Por Um Pouco Mais de Felicidade - ANNA DE LE\u00c3O<\/title>\n<meta name=\"description\" content=\"O livro &quot;Por um pouco mais de felicidade&quot; \u00e9 uma colet\u00e2nea de cr\u00f4nicas da escritora Anna de Le\u00e3o, publicados em diversos sites como O Segredo\" \/>\n<meta name=\"robots\" content=\"index, follow, max-snippet:-1, max-image-preview:large, max-video-preview:-1\" \/>\n<link rel=\"canonical\" href=\"https:\/\/annaleao.com.br\/site\/por-um-pouco-mais-de-felicidade\/\" \/>\n<meta property=\"og:locale\" content=\"pt_BR\" \/>\n<meta property=\"og:type\" content=\"article\" \/>\n<meta property=\"og:title\" content=\"Por Um Pouco Mais de Felicidade - ANNA DE LE\u00c3O\" \/>\n<meta property=\"og:description\" content=\"O livro &quot;Por um pouco mais de felicidade&quot; \u00e9 uma colet\u00e2nea de cr\u00f4nicas da escritora Anna de Le\u00e3o, publicados em diversos sites como O Segredo\" \/>\n<meta property=\"og:url\" content=\"https:\/\/annaleao.com.br\/site\/por-um-pouco-mais-de-felicidade\/\" \/>\n<meta property=\"og:site_name\" content=\"ANNA DE LE\u00c3O\" \/>\n<meta property=\"article:modified_time\" content=\"2021-09-29T19:29:17+00:00\" \/>\n<meta property=\"og:image\" content=\"https:\/\/annaleao.com.br\/site\/wp-content\/uploads\/2020\/01\/IMG_0536-642x1024.jpg\" \/>\n\t<meta property=\"og:image:width\" content=\"642\" \/>\n\t<meta property=\"og:image:height\" content=\"1024\" \/>\n\t<meta property=\"og:image:type\" content=\"image\/jpeg\" \/>\n<meta name=\"twitter:label1\" content=\"Est. tempo de leitura\" \/>\n\t<meta name=\"twitter:data1\" content=\"3 minutos\" \/>\n<script type=\"application\/ld+json\" class=\"yoast-schema-graph\">{\"@context\":\"https:\/\/schema.org\",\"@graph\":[{\"@type\":\"WebPage\",\"@id\":\"https:\/\/annaleao.com.br\/site\/por-um-pouco-mais-de-felicidade\/\",\"url\":\"https:\/\/annaleao.com.br\/site\/por-um-pouco-mais-de-felicidade\/\",\"name\":\"Por Um Pouco Mais de Felicidade - ANNA DE LE\u00c3O\",\"isPartOf\":{\"@id\":\"https:\/\/annaleao.com.br\/site\/#website\"},\"primaryImageOfPage\":{\"@id\":\"https:\/\/annaleao.com.br\/site\/por-um-pouco-mais-de-felicidade\/#primaryimage\"},\"image\":{\"@id\":\"https:\/\/annaleao.com.br\/site\/por-um-pouco-mais-de-felicidade\/#primaryimage\"},\"thumbnailUrl\":\"https:\/\/annaleao.com.br\/site\/wp-content\/uploads\/2020\/01\/IMG_0536.jpg\",\"datePublished\":\"2020-01-30T17:37:13+00:00\",\"dateModified\":\"2021-09-29T19:29:17+00:00\",\"description\":\"O livro \\\"Por um pouco mais de felicidade\\\" \u00e9 uma colet\u00e2nea de cr\u00f4nicas da escritora Anna de Le\u00e3o, publicados em diversos sites como O Segredo\",\"breadcrumb\":{\"@id\":\"https:\/\/annaleao.com.br\/site\/por-um-pouco-mais-de-felicidade\/#breadcrumb\"},\"inLanguage\":\"pt-BR\",\"potentialAction\":[{\"@type\":\"ReadAction\",\"target\":[\"https:\/\/annaleao.com.br\/site\/por-um-pouco-mais-de-felicidade\/\"]}]},{\"@type\":\"ImageObject\",\"inLanguage\":\"pt-BR\",\"@id\":\"https:\/\/annaleao.com.br\/site\/por-um-pouco-mais-de-felicidade\/#primaryimage\",\"url\":\"https:\/\/annaleao.com.br\/site\/wp-content\/uploads\/2020\/01\/IMG_0536.jpg\",\"contentUrl\":\"https:\/\/annaleao.com.br\/site\/wp-content\/uploads\/2020\/01\/IMG_0536.jpg\",\"width\":1410,\"height\":2250,\"caption\":\"por um pouco mais de felicidade\"},{\"@type\":\"BreadcrumbList\",\"@id\":\"https:\/\/annaleao.com.br\/site\/por-um-pouco-mais-de-felicidade\/#breadcrumb\",\"itemListElement\":[{\"@type\":\"ListItem\",\"position\":1,\"name\":\"In\u00edcio\",\"item\":\"https:\/\/annaleao.com.br\/site\/\"},{\"@type\":\"ListItem\",\"position\":2,\"name\":\"Por Um Pouco Mais de Felicidade\"}]},{\"@type\":\"WebSite\",\"@id\":\"https:\/\/annaleao.com.br\/site\/#website\",\"url\":\"https:\/\/annaleao.com.br\/site\/\",\"name\":\"ANNA DE LE\u00c3O\",\"description\":\" Escritora e Terapeuta\",\"potentialAction\":[{\"@type\":\"SearchAction\",\"target\":{\"@type\":\"EntryPoint\",\"urlTemplate\":\"https:\/\/annaleao.com.br\/site\/?s={search_term_string}\"},\"query-input\":{\"@type\":\"PropertyValueSpecification\",\"valueRequired\":true,\"valueName\":\"search_term_string\"}}],\"inLanguage\":\"pt-BR\"}]}<\/script>\n<!-- \/ Yoast SEO plugin. -->","yoast_head_json":{"title":"Por Um Pouco Mais de Felicidade - ANNA DE LE\u00c3O","description":"O livro \"Por um pouco mais de felicidade\" \u00e9 uma colet\u00e2nea de cr\u00f4nicas da escritora Anna de Le\u00e3o, publicados em diversos sites como O Segredo","robots":{"index":"index","follow":"follow","max-snippet":"max-snippet:-1","max-image-preview":"max-image-preview:large","max-video-preview":"max-video-preview:-1"},"canonical":"https:\/\/annaleao.com.br\/site\/por-um-pouco-mais-de-felicidade\/","og_locale":"pt_BR","og_type":"article","og_title":"Por Um Pouco Mais de Felicidade - ANNA DE LE\u00c3O","og_description":"O livro \"Por um pouco mais de felicidade\" \u00e9 uma colet\u00e2nea de cr\u00f4nicas da escritora Anna de Le\u00e3o, publicados em diversos sites como O Segredo","og_url":"https:\/\/annaleao.com.br\/site\/por-um-pouco-mais-de-felicidade\/","og_site_name":"ANNA DE LE\u00c3O","article_modified_time":"2021-09-29T19:29:17+00:00","og_image":[{"width":642,"height":1024,"url":"https:\/\/annaleao.com.br\/site\/wp-content\/uploads\/2020\/01\/IMG_0536-642x1024.jpg","type":"image\/jpeg"}],"twitter_misc":{"Est. tempo de leitura":"3 minutos"},"schema":{"@context":"https:\/\/schema.org","@graph":[{"@type":"WebPage","@id":"https:\/\/annaleao.com.br\/site\/por-um-pouco-mais-de-felicidade\/","url":"https:\/\/annaleao.com.br\/site\/por-um-pouco-mais-de-felicidade\/","name":"Por Um Pouco Mais de Felicidade - ANNA DE LE\u00c3O","isPartOf":{"@id":"https:\/\/annaleao.com.br\/site\/#website"},"primaryImageOfPage":{"@id":"https:\/\/annaleao.com.br\/site\/por-um-pouco-mais-de-felicidade\/#primaryimage"},"image":{"@id":"https:\/\/annaleao.com.br\/site\/por-um-pouco-mais-de-felicidade\/#primaryimage"},"thumbnailUrl":"https:\/\/annaleao.com.br\/site\/wp-content\/uploads\/2020\/01\/IMG_0536.jpg","datePublished":"2020-01-30T17:37:13+00:00","dateModified":"2021-09-29T19:29:17+00:00","description":"O livro \"Por um pouco mais de felicidade\" \u00e9 uma colet\u00e2nea de cr\u00f4nicas da escritora Anna de Le\u00e3o, publicados em diversos sites como O Segredo","breadcrumb":{"@id":"https:\/\/annaleao.com.br\/site\/por-um-pouco-mais-de-felicidade\/#breadcrumb"},"inLanguage":"pt-BR","potentialAction":[{"@type":"ReadAction","target":["https:\/\/annaleao.com.br\/site\/por-um-pouco-mais-de-felicidade\/"]}]},{"@type":"ImageObject","inLanguage":"pt-BR","@id":"https:\/\/annaleao.com.br\/site\/por-um-pouco-mais-de-felicidade\/#primaryimage","url":"https:\/\/annaleao.com.br\/site\/wp-content\/uploads\/2020\/01\/IMG_0536.jpg","contentUrl":"https:\/\/annaleao.com.br\/site\/wp-content\/uploads\/2020\/01\/IMG_0536.jpg","width":1410,"height":2250,"caption":"por um pouco mais de felicidade"},{"@type":"BreadcrumbList","@id":"https:\/\/annaleao.com.br\/site\/por-um-pouco-mais-de-felicidade\/#breadcrumb","itemListElement":[{"@type":"ListItem","position":1,"name":"In\u00edcio","item":"https:\/\/annaleao.com.br\/site\/"},{"@type":"ListItem","position":2,"name":"Por Um Pouco Mais de Felicidade"}]},{"@type":"WebSite","@id":"https:\/\/annaleao.com.br\/site\/#website","url":"https:\/\/annaleao.com.br\/site\/","name":"ANNA DE LE\u00c3O","description":" Escritora e Terapeuta","potentialAction":[{"@type":"SearchAction","target":{"@type":"EntryPoint","urlTemplate":"https:\/\/annaleao.com.br\/site\/?s={search_term_string}"},"query-input":{"@type":"PropertyValueSpecification","valueRequired":true,"valueName":"search_term_string"}}],"inLanguage":"pt-BR"}]}},"jetpack_sharing_enabled":true,"jetpack_shortlink":"https:\/\/wp.me\/P8nt2H-Ng","jetpack-related-posts":[],"_links":{"self":[{"href":"https:\/\/annaleao.com.br\/site\/wp-json\/wp\/v2\/pages\/3054","targetHints":{"allow":["GET"]}}],"collection":[{"href":"https:\/\/annaleao.com.br\/site\/wp-json\/wp\/v2\/pages"}],"about":[{"href":"https:\/\/annaleao.com.br\/site\/wp-json\/wp\/v2\/types\/page"}],"author":[{"embeddable":true,"href":"https:\/\/annaleao.com.br\/site\/wp-json\/wp\/v2\/users\/2"}],"replies":[{"embeddable":true,"href":"https:\/\/annaleao.com.br\/site\/wp-json\/wp\/v2\/comments?post=3054"}],"version-history":[{"count":25,"href":"https:\/\/annaleao.com.br\/site\/wp-json\/wp\/v2\/pages\/3054\/revisions"}],"predecessor-version":[{"id":3459,"href":"https:\/\/annaleao.com.br\/site\/wp-json\/wp\/v2\/pages\/3054\/revisions\/3459"}],"wp:featuredmedia":[{"embeddable":true,"href":"https:\/\/annaleao.com.br\/site\/wp-json\/wp\/v2\/media\/3055"}],"wp:attachment":[{"href":"https:\/\/annaleao.com.br\/site\/wp-json\/wp\/v2\/media?parent=3054"}],"curies":[{"name":"wp","href":"https:\/\/api.w.org\/{rel}","templated":true}]}}