{"id":4006,"date":"2025-05-05T20:59:40","date_gmt":"2025-05-05T20:59:40","guid":{"rendered":"https:\/\/annaleao.com.br\/site\/?page_id=4006"},"modified":"2025-06-23T18:39:25","modified_gmt":"2025-06-23T18:39:25","slug":"mandala-e-magia-do-amor","status":"publish","type":"page","link":"https:\/\/annaleao.com.br\/site\/mandala-e-magia-do-amor\/","title":{"rendered":"Mandala e Magia do Amor"},"content":{"rendered":"<h3><img fetchpriority=\"high\" decoding=\"async\" class=\"aligncenter size-full wp-image-3995\" src=\"https:\/\/annaleao.com.br\/site\/wp-content\/uploads\/2025\/04\/Atendimento-Online-e-Presencial-2.png\" alt=\"Terapia integrativa\" width=\"1417\" height=\"236\" srcset=\"https:\/\/annaleao.com.br\/site\/wp-content\/uploads\/2025\/04\/Atendimento-Online-e-Presencial-2.png 1417w, https:\/\/annaleao.com.br\/site\/wp-content\/uploads\/2025\/04\/Atendimento-Online-e-Presencial-2-300x50.png 300w, https:\/\/annaleao.com.br\/site\/wp-content\/uploads\/2025\/04\/Atendimento-Online-e-Presencial-2-1024x171.png 1024w, https:\/\/annaleao.com.br\/site\/wp-content\/uploads\/2025\/04\/Atendimento-Online-e-Presencial-2-768x128.png 768w, https:\/\/annaleao.com.br\/site\/wp-content\/uploads\/2025\/04\/Atendimento-Online-e-Presencial-2-360x60.png 360w\" sizes=\"(max-width: 1417px) 100vw, 1417px\" \/><\/h3>\n<h3 style=\"text-align: center;\">Mandala e Magia do Amor: Workshop online &#8211; maio 2025<\/h3>\n<p>No\u00a0 Workshop Mandala e Magia do Amor voc\u00ea vai aprender a usar o poder das Mandalas para destravar sua vida afetiva e cocriar A RELA\u00c7\u00c3O DOS SEUS SONHOS.<\/p>\n<p><a href=\"https:\/\/docs.google.com\/forms\/d\/e\/1FAIpQLSclLXfYjKk50k03lKTpEGFHrP1wNlA_WFcePeMiphpVBh5AOQ\/viewform\"><img decoding=\"async\" class=\"aligncenter wp-image-4072 size-medium\" src=\"https:\/\/annaleao.com.br\/site\/wp-content\/uploads\/2025\/05\/Atendimento-Online-e-Presencial-4-300x50.png\" alt=\"Mandala e magia do amor\" width=\"300\" height=\"50\" srcset=\"https:\/\/annaleao.com.br\/site\/wp-content\/uploads\/2025\/05\/Atendimento-Online-e-Presencial-4-300x50.png 300w, https:\/\/annaleao.com.br\/site\/wp-content\/uploads\/2025\/05\/Atendimento-Online-e-Presencial-4-1024x171.png 1024w, https:\/\/annaleao.com.br\/site\/wp-content\/uploads\/2025\/05\/Atendimento-Online-e-Presencial-4-768x128.png 768w, https:\/\/annaleao.com.br\/site\/wp-content\/uploads\/2025\/05\/Atendimento-Online-e-Presencial-4-360x60.png 360w, https:\/\/annaleao.com.br\/site\/wp-content\/uploads\/2025\/05\/Atendimento-Online-e-Presencial-4.png 1417w\" sizes=\"(max-width: 300px) 100vw, 300px\" \/><\/a><\/p>\n<h4><\/h4>\n<h4><\/h4>\n<p>&nbsp;<\/p>\n<h4>Neste workshop voc\u00ea ir\u00e1:<\/h4>\n<ul>\n<li>\n<h5>Reescrever sua Hist\u00f3ria de Amor;<\/h5>\n<\/li>\n<li>\n<h5>Construir o seu ser amoroso, espiritual e sexual;<\/h5>\n<\/li>\n<li>\n<h5>Aprender t\u00e9cnicas de ancoragem para rela\u00e7\u00f5es saud\u00e1veis;<\/h5>\n<\/li>\n<li>\n<h5>Criar compromisso consigo mesma e com o amor verdadeiro;<\/h5>\n<\/li>\n<li>\n<h5>Confeccionar a sua Mandala de Autoconhecimento;<\/h5>\n<\/li>\n<li>\n<h5>Transmutar padr\u00f5es nocivos de comportamento, cren\u00e7as limitantes e bloqueios que travam seus relacionamentos;<\/h5>\n<\/li>\n<li>\n<h5>Ressignificar o amor atrav\u00e9s dos princ\u00edpios da magia, de fundamentos terap\u00eauticos e de pr\u00e1ticas oraculares.<\/h5>\n<\/li>\n<li>\n<h5>E MAIS&#8230;<\/h5>\n<\/li>\n<\/ul>\n<h4 style=\"text-align: center;\">Voc\u00ea vai descobrir os 3 PILARES essenciais para um relacionamento feliz e acessar a CHAVE-MESTRA com a MANDALA DA MAGIA DO FOGO!<\/h4>\n<p>&nbsp;<\/p>\n<h5 style=\"text-align: center; color: #ab0b05;\">ATEN\u00c7\u00c3O! SPOILER!!!<\/h5>\n<h4 style=\"text-align: center;\">CHAVE-MESTRA: Constru\u00e7\u00e3o de um novo paradigma afetivo.<\/h4>\n<p>Para atrair algo novo para sua vida afetiva, voc\u00ea precisar\u00e1 mudar sua vis\u00e3o das rela\u00e7\u00f5es. \u00c9 aqui que entra a CHAVE-MESTRA, a mudan\u00e7a de paradigma. Voc\u00ea se conscientizar\u00e1 de que o conceito de \u201camor liberta\u201d transcende a vis\u00e3o tradicional do amor rom\u00e2ntico, ampliando seu significado para al\u00e9m das conven\u00e7\u00f5es. Amar n\u00e3o \u00e9 sobre controle ou posse, mas sobre apoiar e incentivar a autenticidade do outro. Dessa forma, constr\u00f3i-se uma base s\u00f3lida para rela\u00e7\u00f5es saud\u00e1veis, fundamentadas na confian\u00e7a e no respeito m\u00fatuo. Ao adotar essa perspectiva, o amor se torna uma for\u00e7a que enriquece a vida e as rela\u00e7\u00f5es, promovendo bem-estar e felicidade.<\/p>\n<p style=\"text-align: center;\"><a href=\"https:\/\/docs.google.com\/forms\/d\/e\/1FAIpQLSclLXfYjKk50k03lKTpEGFHrP1wNlA_WFcePeMiphpVBh5AOQ\/viewform\"><img decoding=\"async\" class=\"aligncenter wp-image-4072 size-medium\" src=\"https:\/\/annaleao.com.br\/site\/wp-content\/uploads\/2025\/05\/Atendimento-Online-e-Presencial-4-300x50.png\" alt=\"Mandala e magia do amor\" width=\"300\" height=\"50\" srcset=\"https:\/\/annaleao.com.br\/site\/wp-content\/uploads\/2025\/05\/Atendimento-Online-e-Presencial-4-300x50.png 300w, https:\/\/annaleao.com.br\/site\/wp-content\/uploads\/2025\/05\/Atendimento-Online-e-Presencial-4-1024x171.png 1024w, https:\/\/annaleao.com.br\/site\/wp-content\/uploads\/2025\/05\/Atendimento-Online-e-Presencial-4-768x128.png 768w, https:\/\/annaleao.com.br\/site\/wp-content\/uploads\/2025\/05\/Atendimento-Online-e-Presencial-4-360x60.png 360w, https:\/\/annaleao.com.br\/site\/wp-content\/uploads\/2025\/05\/Atendimento-Online-e-Presencial-4.png 1417w\" sizes=\"(max-width: 300px) 100vw, 300px\" \/><\/a><\/p>\n<h4><\/h4>\n<h4><\/h4>\n<p>&nbsp;<\/p>\n<h4>Para quem \u00e9 o Workshop Mandala e Magia do Amor:<\/h4>\n<h5>&#8211; Para pessoa que est\u00e3o cansadas de sofrer por amor;<\/h5>\n<h5>&#8211; Para pessoas que querem sair da car\u00eancia afetiva;<\/h5>\n<h5>&#8211; Para pessoas que querem construir rela\u00e7\u00f5es saud\u00e1veis, duradouras, inteiras, felizes e plenas;<\/h5>\n<h5>&#8211; Para pessoas que querem atrair e manter o parceiro ideal;<\/h5>\n<h5>&#8211; Para pessoas que querem harmonizar suas rela\u00e7\u00f5es (conjugais, familiares, profissionais, etc).<\/h5>\n<p>&nbsp;<\/p>\n<p style=\"text-align: center;\"><strong>Data e hor\u00e1rio:<\/strong> EM BREVE (coloque seu nome na lista de espera)<\/p>\n<p><a href=\"https:\/\/docs.google.com\/forms\/d\/e\/1FAIpQLSclLXfYjKk50k03lKTpEGFHrP1wNlA_WFcePeMiphpVBh5AOQ\/viewform\"><img decoding=\"async\" class=\"aligncenter wp-image-4020 size-medium\" src=\"https:\/\/annaleao.com.br\/site\/wp-content\/uploads\/2025\/05\/Atendimento-Online-e-Presencial-3-300x50.png\" alt=\"Mandala e magia do amor\" width=\"300\" height=\"50\" srcset=\"https:\/\/annaleao.com.br\/site\/wp-content\/uploads\/2025\/05\/Atendimento-Online-e-Presencial-3-300x50.png 300w, https:\/\/annaleao.com.br\/site\/wp-content\/uploads\/2025\/05\/Atendimento-Online-e-Presencial-3-1024x171.png 1024w, https:\/\/annaleao.com.br\/site\/wp-content\/uploads\/2025\/05\/Atendimento-Online-e-Presencial-3-768x128.png 768w, https:\/\/annaleao.com.br\/site\/wp-content\/uploads\/2025\/05\/Atendimento-Online-e-Presencial-3-360x60.png 360w, https:\/\/annaleao.com.br\/site\/wp-content\/uploads\/2025\/05\/Atendimento-Online-e-Presencial-3.png 1417w\" sizes=\"(max-width: 300px) 100vw, 300px\" \/><\/a><\/p>\n<p>&nbsp;<\/p>\n<h4><b>Facilitadoras do Workshop:<\/b><\/h4>\n<h5>Anna de Le\u00e3o &#8211; Terapeuta, Escritora, Mentora do Sagrado Feminino<\/h5>\n<p><span class=\"wixui-rich-text__text\"><img loading=\"lazy\" decoding=\"async\" class=\"alignleft wp-image-4053 size-medium\" src=\"https:\/\/annaleao.com.br\/site\/wp-content\/uploads\/2025\/05\/Design-sem-nome-17-300x300.png\" alt=\"Mandala e magia do amor\" width=\"300\" height=\"300\" srcset=\"https:\/\/annaleao.com.br\/site\/wp-content\/uploads\/2025\/05\/Design-sem-nome-17.png 300w, https:\/\/annaleao.com.br\/site\/wp-content\/uploads\/2025\/05\/Design-sem-nome-17-150x150.png 150w, https:\/\/annaleao.com.br\/site\/wp-content\/uploads\/2025\/05\/Design-sem-nome-17-60x60.png 60w\" sizes=\"(max-width: 300px) 100vw, 300px\" \/><\/span><\/p>\n<p class=\"font_7 wixui-rich-text__text\"><span class=\"wixui-rich-text__text\">\u200bNatural do Rio de Janeiro, sou especialista<\/span><span class=\"wixui-rich-text__text\">\u00a0em Terapia Avan\u00e7ada Integrativa. <\/span>Tamb\u00e9m sou autora, com mais de 8 livros publicados.<\/p>\n<p class=\"font_7 wixui-rich-text__text\"><span class=\"wixui-rich-text__text\">Al\u00e9m de p\u00f3s-graduada em terapia, tenho forma\u00e7\u00e3o profissional\u00a0 em Dan\u00e7a e Terapia pela Dan\u00e7a e Movimento, tendo ministrado aulas de diversos tipos de dan\u00e7as e t\u00e9cnicas corporais terap\u00eauticas durante muitos anos.<\/span><\/p>\n<p class=\"font_7 wixui-rich-text__text\"><span class=\"wixui-rich-text__text\">Estudei astrologia, tar\u00f4 e v\u00e1rias doutrinas espirituais e filos\u00f3ficas e, em 2005, fui iniciada na Espiritualidade da Deusa, o que me motiva a ajudar outras mulheres a se conectarem com o seu Feminino Sagrado.<\/span><\/p>\n<p>Poucos anos depois mergulhei no Druidismo, tornando-me membro do cl\u00e3 dru\u00eddico<em> Caer Fidnem\u00e9d an S\u00edd<\/em> , onde, posteriormente, fui iniciada como Vate.\u00a0 Acima de tudo me defino uma livre pensadora.<\/p>\n<h5>Val\u00e9ria Rowena &#8211; Terapeuta Hol\u00edstica, Escritora, Oraculista<\/h5>\n<p><img loading=\"lazy\" decoding=\"async\" class=\"alignleft wp-image-4013 size-medium\" src=\"https:\/\/annaleao.com.br\/site\/wp-content\/uploads\/2025\/05\/irlanda-300x300.jpg\" alt=\"mandala e magia do amor\" width=\"300\" height=\"300\" srcset=\"https:\/\/annaleao.com.br\/site\/wp-content\/uploads\/2025\/05\/irlanda-300x300.jpg 300w, https:\/\/annaleao.com.br\/site\/wp-content\/uploads\/2025\/05\/irlanda-1024x1024.jpg 1024w, https:\/\/annaleao.com.br\/site\/wp-content\/uploads\/2025\/05\/irlanda-150x150.jpg 150w, https:\/\/annaleao.com.br\/site\/wp-content\/uploads\/2025\/05\/irlanda-768x768.jpg 768w, https:\/\/annaleao.com.br\/site\/wp-content\/uploads\/2025\/05\/irlanda-60x60.jpg 60w, https:\/\/annaleao.com.br\/site\/wp-content\/uploads\/2025\/05\/irlanda.jpg 1080w\" sizes=\"(max-width: 300px) 100vw, 300px\" \/><\/p>\n<p>Sou natural de Santo Andr\u00e9, S\u00e3o Paulo. Atuo desde 1990 nas \u00e1reas da sa\u00fade f\u00edsica, metaf\u00edsica e espiritual. Apesar do conhecimento e da vis\u00e3o, meu trabalho n\u00e3o \u00e9 \u201cadivinha\u00e7\u00e3o\u201d, mas sim orienta\u00e7\u00e3o, aconselhamento e direcionamento.<\/p>\n<p>Sou terapeuta hol\u00edstica, escritora, professora, druida, mentora e numer\u00f3loga. Idealizadora do website <em>Templo de Avalon: Caer Siddi,<\/em> tamb\u00e9m sou druida respons\u00e1vel pelo cl\u00e3 dru\u00eddico Caer <em>Fidnem\u00e9d an S\u00edd.<\/em><\/p>\n<p>Meu livro <em>Brumas do Tempo &#8211; Poesia, pensamentos e ritos dru\u00eddicos<\/em>\u00a0 aborda a espiritualidade e cultura celta, sendo uma refer\u00eancia no meio dru\u00eddico.<\/p>\n<p>Realizo palestras sobre a cultura celta e sou integrante do CBDRC e da ordem dru\u00eddica ADF na fun\u00e7\u00e3o de &#8220;Guardi\u00e3 da Lareira&#8221;.<\/p>\n<p>&nbsp;<\/p>\n<p><a href=\"https:\/\/docs.google.com\/forms\/d\/e\/1FAIpQLSclLXfYjKk50k03lKTpEGFHrP1wNlA_WFcePeMiphpVBh5AOQ\/viewform\"><img decoding=\"async\" class=\"aligncenter wp-image-4020 size-medium\" src=\"https:\/\/annaleao.com.br\/site\/wp-content\/uploads\/2025\/05\/Atendimento-Online-e-Presencial-3-300x50.png\" alt=\"Mandala e magia do amor\" width=\"300\" height=\"50\" srcset=\"https:\/\/annaleao.com.br\/site\/wp-content\/uploads\/2025\/05\/Atendimento-Online-e-Presencial-3-300x50.png 300w, https:\/\/annaleao.com.br\/site\/wp-content\/uploads\/2025\/05\/Atendimento-Online-e-Presencial-3-1024x171.png 1024w, https:\/\/annaleao.com.br\/site\/wp-content\/uploads\/2025\/05\/Atendimento-Online-e-Presencial-3-768x128.png 768w, https:\/\/annaleao.com.br\/site\/wp-content\/uploads\/2025\/05\/Atendimento-Online-e-Presencial-3-360x60.png 360w, https:\/\/annaleao.com.br\/site\/wp-content\/uploads\/2025\/05\/Atendimento-Online-e-Presencial-3.png 1417w\" sizes=\"(max-width: 300px) 100vw, 300px\" \/><\/a><\/p>\n","protected":false},"excerpt":{"rendered":"<p>Mandala e Magia do Amor: Workshop online &#8211; maio 2025 No\u00a0 Workshop Mandala e Magia do Amor voc\u00ea vai aprender a usar o poder das Mandalas para destravar sua vida afetiva e cocriar A RELA\u00c7\u00c3O DOS SEUS SONHOS. &nbsp; Neste workshop voc\u00ea ir\u00e1: Reescrever sua Hist\u00f3ria de Amor; Construir o seu ser amoroso, espiritual e sexual; Aprender t\u00e9cnicas de ancoragem &hellip; <\/p>\n","protected":false},"author":2,"featured_media":0,"parent":0,"menu_order":0,"comment_status":"closed","ping_status":"closed","template":"","meta":{"jetpack_post_was_ever_published":false,"footnotes":""},"class_list":["post-4006","page","type-page","status-publish","hentry"],"yoast_head":"<!-- This site is optimized with the Yoast SEO plugin v25.2 - https:\/\/yoast.com\/wordpress\/plugins\/seo\/ -->\n<title>Mandala e Magia do Amor - ANNA DE LE\u00c3O<\/title>\n<meta name=\"description\" content=\"Mandala e Magia do Amor - No Workshop voc\u00ea usar\u00e1 o poder das Mandalas para destravar sua vida afetiva e co-criar as rela\u00e7\u00f5es dos seus sonhos\" \/>\n<meta name=\"robots\" content=\"index, follow, max-snippet:-1, max-image-preview:large, max-video-preview:-1\" \/>\n<link rel=\"canonical\" href=\"https:\/\/annaleao.com.br\/site\/mandala-e-magia-do-amor\/\" \/>\n<meta property=\"og:locale\" content=\"pt_BR\" \/>\n<meta property=\"og:type\" content=\"article\" \/>\n<meta property=\"og:title\" content=\"Mandala e Magia do Amor - ANNA DE LE\u00c3O\" \/>\n<meta property=\"og:description\" content=\"Mandala e Magia do Amor - No Workshop voc\u00ea usar\u00e1 o poder das Mandalas para destravar sua vida afetiva e co-criar as rela\u00e7\u00f5es dos seus sonhos\" \/>\n<meta property=\"og:url\" content=\"https:\/\/annaleao.com.br\/site\/mandala-e-magia-do-amor\/\" \/>\n<meta property=\"og:site_name\" content=\"ANNA DE LE\u00c3O\" \/>\n<meta property=\"article:modified_time\" content=\"2025-06-23T18:39:25+00:00\" \/>\n<meta property=\"og:image\" content=\"https:\/\/annaleao.com.br\/site\/wp-content\/uploads\/2025\/04\/Atendimento-Online-e-Presencial-2.png\" \/>\n\t<meta property=\"og:image:width\" content=\"1417\" \/>\n\t<meta property=\"og:image:height\" content=\"236\" \/>\n\t<meta property=\"og:image:type\" content=\"image\/png\" \/>\n<meta name=\"twitter:label1\" content=\"Est. tempo de leitura\" \/>\n\t<meta name=\"twitter:data1\" content=\"5 minutos\" \/>\n<script type=\"application\/ld+json\" class=\"yoast-schema-graph\">{\"@context\":\"https:\/\/schema.org\",\"@graph\":[{\"@type\":\"WebPage\",\"@id\":\"https:\/\/annaleao.com.br\/site\/mandala-e-magia-do-amor\/\",\"url\":\"https:\/\/annaleao.com.br\/site\/mandala-e-magia-do-amor\/\",\"name\":\"Mandala e Magia do Amor - ANNA DE LE\u00c3O\",\"isPartOf\":{\"@id\":\"https:\/\/annaleao.com.br\/site\/#website\"},\"primaryImageOfPage\":{\"@id\":\"https:\/\/annaleao.com.br\/site\/mandala-e-magia-do-amor\/#primaryimage\"},\"image\":{\"@id\":\"https:\/\/annaleao.com.br\/site\/mandala-e-magia-do-amor\/#primaryimage\"},\"thumbnailUrl\":\"https:\/\/annaleao.com.br\/site\/wp-content\/uploads\/2025\/04\/Atendimento-Online-e-Presencial-2.png\",\"datePublished\":\"2025-05-05T20:59:40+00:00\",\"dateModified\":\"2025-06-23T18:39:25+00:00\",\"description\":\"Mandala e Magia do Amor - No Workshop voc\u00ea usar\u00e1 o poder das Mandalas para destravar sua vida afetiva e co-criar as rela\u00e7\u00f5es dos seus sonhos\",\"breadcrumb\":{\"@id\":\"https:\/\/annaleao.com.br\/site\/mandala-e-magia-do-amor\/#breadcrumb\"},\"inLanguage\":\"pt-BR\",\"potentialAction\":[{\"@type\":\"ReadAction\",\"target\":[\"https:\/\/annaleao.com.br\/site\/mandala-e-magia-do-amor\/\"]}]},{\"@type\":\"ImageObject\",\"inLanguage\":\"pt-BR\",\"@id\":\"https:\/\/annaleao.com.br\/site\/mandala-e-magia-do-amor\/#primaryimage\",\"url\":\"https:\/\/annaleao.com.br\/site\/wp-content\/uploads\/2025\/04\/Atendimento-Online-e-Presencial-2.png\",\"contentUrl\":\"https:\/\/annaleao.com.br\/site\/wp-content\/uploads\/2025\/04\/Atendimento-Online-e-Presencial-2.png\",\"width\":1417,\"height\":236,\"caption\":\"Terapia integrativa\"},{\"@type\":\"BreadcrumbList\",\"@id\":\"https:\/\/annaleao.com.br\/site\/mandala-e-magia-do-amor\/#breadcrumb\",\"itemListElement\":[{\"@type\":\"ListItem\",\"position\":1,\"name\":\"In\u00edcio\",\"item\":\"https:\/\/annaleao.com.br\/site\/\"},{\"@type\":\"ListItem\",\"position\":2,\"name\":\"Mandala e Magia do Amor\"}]},{\"@type\":\"WebSite\",\"@id\":\"https:\/\/annaleao.com.br\/site\/#website\",\"url\":\"https:\/\/annaleao.com.br\/site\/\",\"name\":\"ANNA DE LE\u00c3O\",\"description\":\" Escritora e Terapeuta\",\"potentialAction\":[{\"@type\":\"SearchAction\",\"target\":{\"@type\":\"EntryPoint\",\"urlTemplate\":\"https:\/\/annaleao.com.br\/site\/?s={search_term_string}\"},\"query-input\":{\"@type\":\"PropertyValueSpecification\",\"valueRequired\":true,\"valueName\":\"search_term_string\"}}],\"inLanguage\":\"pt-BR\"}]}<\/script>\n<!-- \/ Yoast SEO plugin. -->","yoast_head_json":{"title":"Mandala e Magia do Amor - ANNA DE LE\u00c3O","description":"Mandala e Magia do Amor - No Workshop voc\u00ea usar\u00e1 o poder das Mandalas para destravar sua vida afetiva e co-criar as rela\u00e7\u00f5es dos seus sonhos","robots":{"index":"index","follow":"follow","max-snippet":"max-snippet:-1","max-image-preview":"max-image-preview:large","max-video-preview":"max-video-preview:-1"},"canonical":"https:\/\/annaleao.com.br\/site\/mandala-e-magia-do-amor\/","og_locale":"pt_BR","og_type":"article","og_title":"Mandala e Magia do Amor - ANNA DE LE\u00c3O","og_description":"Mandala e Magia do Amor - No Workshop voc\u00ea usar\u00e1 o poder das Mandalas para destravar sua vida afetiva e co-criar as rela\u00e7\u00f5es dos seus sonhos","og_url":"https:\/\/annaleao.com.br\/site\/mandala-e-magia-do-amor\/","og_site_name":"ANNA DE LE\u00c3O","article_modified_time":"2025-06-23T18:39:25+00:00","og_image":[{"width":1417,"height":236,"url":"https:\/\/annaleao.com.br\/site\/wp-content\/uploads\/2025\/04\/Atendimento-Online-e-Presencial-2.png","type":"image\/png"}],"twitter_misc":{"Est. tempo de leitura":"5 minutos"},"schema":{"@context":"https:\/\/schema.org","@graph":[{"@type":"WebPage","@id":"https:\/\/annaleao.com.br\/site\/mandala-e-magia-do-amor\/","url":"https:\/\/annaleao.com.br\/site\/mandala-e-magia-do-amor\/","name":"Mandala e Magia do Amor - ANNA DE LE\u00c3O","isPartOf":{"@id":"https:\/\/annaleao.com.br\/site\/#website"},"primaryImageOfPage":{"@id":"https:\/\/annaleao.com.br\/site\/mandala-e-magia-do-amor\/#primaryimage"},"image":{"@id":"https:\/\/annaleao.com.br\/site\/mandala-e-magia-do-amor\/#primaryimage"},"thumbnailUrl":"https:\/\/annaleao.com.br\/site\/wp-content\/uploads\/2025\/04\/Atendimento-Online-e-Presencial-2.png","datePublished":"2025-05-05T20:59:40+00:00","dateModified":"2025-06-23T18:39:25+00:00","description":"Mandala e Magia do Amor - No Workshop voc\u00ea usar\u00e1 o poder das Mandalas para destravar sua vida afetiva e co-criar as rela\u00e7\u00f5es dos seus sonhos","breadcrumb":{"@id":"https:\/\/annaleao.com.br\/site\/mandala-e-magia-do-amor\/#breadcrumb"},"inLanguage":"pt-BR","potentialAction":[{"@type":"ReadAction","target":["https:\/\/annaleao.com.br\/site\/mandala-e-magia-do-amor\/"]}]},{"@type":"ImageObject","inLanguage":"pt-BR","@id":"https:\/\/annaleao.com.br\/site\/mandala-e-magia-do-amor\/#primaryimage","url":"https:\/\/annaleao.com.br\/site\/wp-content\/uploads\/2025\/04\/Atendimento-Online-e-Presencial-2.png","contentUrl":"https:\/\/annaleao.com.br\/site\/wp-content\/uploads\/2025\/04\/Atendimento-Online-e-Presencial-2.png","width":1417,"height":236,"caption":"Terapia integrativa"},{"@type":"BreadcrumbList","@id":"https:\/\/annaleao.com.br\/site\/mandala-e-magia-do-amor\/#breadcrumb","itemListElement":[{"@type":"ListItem","position":1,"name":"In\u00edcio","item":"https:\/\/annaleao.com.br\/site\/"},{"@type":"ListItem","position":2,"name":"Mandala e Magia do Amor"}]},{"@type":"WebSite","@id":"https:\/\/annaleao.com.br\/site\/#website","url":"https:\/\/annaleao.com.br\/site\/","name":"ANNA DE LE\u00c3O","description":" Escritora e Terapeuta","potentialAction":[{"@type":"SearchAction","target":{"@type":"EntryPoint","urlTemplate":"https:\/\/annaleao.com.br\/site\/?s={search_term_string}"},"query-input":{"@type":"PropertyValueSpecification","valueRequired":true,"valueName":"search_term_string"}}],"inLanguage":"pt-BR"}]}},"jetpack_sharing_enabled":true,"jetpack_shortlink":"https:\/\/wp.me\/P8nt2H-12C","jetpack-related-posts":[],"_links":{"self":[{"href":"https:\/\/annaleao.com.br\/site\/wp-json\/wp\/v2\/pages\/4006","targetHints":{"allow":["GET"]}}],"collection":[{"href":"https:\/\/annaleao.com.br\/site\/wp-json\/wp\/v2\/pages"}],"about":[{"href":"https:\/\/annaleao.com.br\/site\/wp-json\/wp\/v2\/types\/page"}],"author":[{"embeddable":true,"href":"https:\/\/annaleao.com.br\/site\/wp-json\/wp\/v2\/users\/2"}],"replies":[{"embeddable":true,"href":"https:\/\/annaleao.com.br\/site\/wp-json\/wp\/v2\/comments?post=4006"}],"version-history":[{"count":51,"href":"https:\/\/annaleao.com.br\/site\/wp-json\/wp\/v2\/pages\/4006\/revisions"}],"predecessor-version":[{"id":4358,"href":"https:\/\/annaleao.com.br\/site\/wp-json\/wp\/v2\/pages\/4006\/revisions\/4358"}],"wp:attachment":[{"href":"https:\/\/annaleao.com.br\/site\/wp-json\/wp\/v2\/media?parent=4006"}],"curies":[{"name":"wp","href":"https:\/\/api.w.org\/{rel}","templated":true}]}}